{"id":111,"date":"2020-07-16T09:34:52","date_gmt":"2020-07-16T09:34:52","guid":{"rendered":"https:\/\/durmazhavuz.com\/?post_type=product&#038;p=111"},"modified":"2020-07-16T09:34:52","modified_gmt":"2020-07-16T09:34:52","slug":"betonarme-ustten-tasmali-ozel-villa-havuzu","status":"publish","type":"product","link":"https:\/\/durmazhavuz.com\/index.php\/urun\/betonarme-ustten-tasmali-ozel-villa-havuzu\/","title":{"rendered":"BETONARME \u00dcSTTEN TA\u015eMALI \u00d6ZEL V\u0130LLA HAVUZU"},"content":{"rendered":"<h4><span id=\"ctl00_ContentPlaceHolder1_laciklama\">\u0130\u00c7\u0130 5X5 SERAM\u0130K KAPLAMA<\/span><\/h4>\n","protected":false},"excerpt":{"rendered":"<p>\u0130\u00c7\u0130 5X5 SERAM\u0130K KAPLAMA<\/p>\n","protected":false},"featured_media":112,"comment_status":"open","ping_status":"closed","template":"","meta":[],"product_cat":[15],"product_tag":[],"_links":{"self":[{"href":"https:\/\/durmazhavuz.com\/index.php\/wp-json\/wp\/v2\/product\/111"}],"collection":[{"href":"https:\/\/durmazhavuz.com\/index.php\/wp-json\/wp\/v2\/product"}],"about":[{"href":"https:\/\/durmazhavuz.com\/index.php\/wp-json\/wp\/v2\/types\/product"}],"replies":[{"embeddable":true,"href":"https:\/\/durmazhavuz.com\/index.php\/wp-json\/wp\/v2\/comments?post=111"}],"wp:featuredmedia":[{"embeddable":true,"href":"https:\/\/durmazhavuz.com\/index.php\/wp-json\/wp\/v2\/media\/112"}],"wp:attachment":[{"href":"https:\/\/durmazhavuz.com\/index.php\/wp-json\/wp\/v2\/media?parent=111"}],"wp:term":[{"taxonomy":"product_cat","embeddable":true,"href":"https:\/\/durmazhavuz.com\/index.php\/wp-json\/wp\/v2\/product_cat?post=111"},{"taxonomy":"product_tag","embeddable":true,"href":"https:\/\/durmazhavuz.com\/index.php\/wp-json\/wp\/v2\/product_tag?post=111"}],"curies":[{"name":"wp","href":"https:\/\/api.w.org\/{rel}","templated":true}]}}