{"id":263,"date":"2020-07-19T08:11:58","date_gmt":"2020-07-19T08:11:58","guid":{"rendered":"https:\/\/durmazhavuz.com\/?post_type=product&#038;p=263"},"modified":"2020-07-19T08:11:58","modified_gmt":"2020-07-19T08:11:58","slug":"havuz-pompalari","status":"publish","type":"product","link":"https:\/\/durmazhavuz.com\/index.php\/urun\/havuz-pompalari\/","title":{"rendered":"HAVUZ POMPALARI"},"content":{"rendered":"<h4><span id=\"ctl00_ContentPlaceHolder1_laciklama\">HAVUZ POMPALARI Santrif\u00fcj tip yatay milli IP55 motor korumal\u0131 termoplastik g\u00f6vdeli daha b\u00fcy\u00fck kapasiteler i\u00e7in demir d\u00f6k\u00fcm ,prin\u00e7 d\u00f6k\u00fcm veya paslanmaz pompa yap\u0131lmaktad\u0131r. Havuzlar\u0131n kalbidir.E\u011fer ihtiyaca uygun bir pompa se\u00e7ilmezse havuzun temizlenmesi m\u00fcmk\u00fcn olmayabilir. D\u00fcnya standart\u0131 havuzun toplam su miktar\u0131n\u0131n 4 saatte 1 kez \u00e7evrilecek se\u00e7ilde pompa se\u00e7ilmesidir.Bu daha b\u00fcy\u00fck havuzlar i\u00e7in 5-6 saat olabilir. Havuz pompalar\u0131 monofaze 220 volt veya 380 trifaze olarak \u00fcretilmektedir.Havuz pompas\u0131 ideal g\u00fc\u00e7te se\u00e7ilmesi halinde ciddi tasarruf sa\u011flamaktad\u0131r .Sirk\u00fclasyon hatlar\u0131na g\u00f6re pompa se\u00e7imi yap\u0131lmal\u0131d\u0131r. Havuz pompalar\u0131 havuza at\u0131lan havuz kimyasallar\u0131n kar\u0131\u015fmas\u0131n\u0131 ve havuz suyunun emilerek filitreden ge\u00e7irilmesini sa\u011flar.Havuz pompas\u0131n\u0131n devreye girmesi havuzun temiz kalmas\u0131n\u0131 sa\u011flar<\/span><\/h4>\n","protected":false},"excerpt":{"rendered":"<p>HAVUZ POMPALARI Santrif\u00fcj tip yatay milli IP55 motor korumal\u0131 termoplastik g\u00f6vdeli daha b\u00fcy\u00fck kapasiteler i\u00e7in demir d\u00f6k\u00fcm ,prin\u00e7 d\u00f6k\u00fcm veya paslanmaz pompa yap\u0131lmaktad\u0131r. Havuzlar\u0131n kalbidir.E\u011fer ihtiyaca uygun bir pompa se\u00e7ilmezse havuzun temizlenmesi m\u00fcmk\u00fcn olmayabilir. D\u00fcnya standart\u0131 havuzun toplam su miktar\u0131n\u0131n 4 saatte 1 kez \u00e7evrilecek se\u00e7ilde pompa se\u00e7ilmesidir.Bu daha b\u00fcy\u00fck havuzlar i\u00e7in 5-6 saat olabilir. Havuz pompalar\u0131 monofaze 220 volt veya 380 trifaze olarak \u00fcretilmektedir.Havuz pompas\u0131 ideal g\u00fc\u00e7te se\u00e7ilmesi halinde ciddi tasarruf sa\u011flamaktad\u0131r .Sirk\u00fclasyon hatlar\u0131na g\u00f6re pompa se\u00e7imi yap\u0131lmal\u0131d\u0131r. Havuz pompalar\u0131 havuza at\u0131lan havuz kimyasallar\u0131n kar\u0131\u015fmas\u0131n\u0131 ve havuz suyunun emilerek&hellip;<\/p>\n","protected":false},"featured_media":254,"comment_status":"open","ping_status":"closed","template":"","meta":[],"product_cat":[34],"product_tag":[],"_links":{"self":[{"href":"https:\/\/durmazhavuz.com\/index.php\/wp-json\/wp\/v2\/product\/263"}],"collection":[{"href":"https:\/\/durmazhavuz.com\/index.php\/wp-json\/wp\/v2\/product"}],"about":[{"href":"https:\/\/durmazhavuz.com\/index.php\/wp-json\/wp\/v2\/types\/product"}],"replies":[{"embeddable":true,"href":"https:\/\/durmazhavuz.com\/index.php\/wp-json\/wp\/v2\/comments?post=263"}],"wp:featuredmedia":[{"embeddable":true,"href":"https:\/\/durmazhavuz.com\/index.php\/wp-json\/wp\/v2\/media\/254"}],"wp:attachment":[{"href":"https:\/\/durmazhavuz.com\/index.php\/wp-json\/wp\/v2\/media?parent=263"}],"wp:term":[{"taxonomy":"product_cat","embeddable":true,"href":"https:\/\/durmazhavuz.com\/index.php\/wp-json\/wp\/v2\/product_cat?post=263"},{"taxonomy":"product_tag","embeddable":true,"href":"https:\/\/durmazhavuz.com\/index.php\/wp-json\/wp\/v2\/product_tag?post=263"}],"curies":[{"name":"wp","href":"https:\/\/api.w.org\/{rel}","templated":true}]}}