{"id":281,"date":"2020-07-19T08:32:37","date_gmt":"2020-07-19T08:32:37","guid":{"rendered":"https:\/\/durmazhavuz.com\/?post_type=product&#038;p=281"},"modified":"2020-07-19T08:32:51","modified_gmt":"2020-07-19T08:32:51","slug":"genis-agizli-skimmer","status":"publish","type":"product","link":"https:\/\/durmazhavuz.com\/index.php\/urun\/genis-agizli-skimmer\/","title":{"rendered":"GEN\u0130\u015e A\u011eIZLI SKIMMER"},"content":{"rendered":"<h2><span id=\"ctl00_ContentPlaceHolder1_urunadi\">GEN\u0130\u015e A\u011eIZLI SKIMMER<\/span><\/h2>\n","protected":false},"excerpt":{"rendered":"<p>GEN\u0130\u015e A\u011eIZLI SKIMMER<\/p>\n","protected":false},"featured_media":274,"comment_status":"open","ping_status":"closed","template":"","meta":[],"product_cat":[35],"product_tag":[],"_links":{"self":[{"href":"https:\/\/durmazhavuz.com\/index.php\/wp-json\/wp\/v2\/product\/281"}],"collection":[{"href":"https:\/\/durmazhavuz.com\/index.php\/wp-json\/wp\/v2\/product"}],"about":[{"href":"https:\/\/durmazhavuz.com\/index.php\/wp-json\/wp\/v2\/types\/product"}],"replies":[{"embeddable":true,"href":"https:\/\/durmazhavuz.com\/index.php\/wp-json\/wp\/v2\/comments?post=281"}],"wp:featuredmedia":[{"embeddable":true,"href":"https:\/\/durmazhavuz.com\/index.php\/wp-json\/wp\/v2\/media\/274"}],"wp:attachment":[{"href":"https:\/\/durmazhavuz.com\/index.php\/wp-json\/wp\/v2\/media?parent=281"}],"wp:term":[{"taxonomy":"product_cat","embeddable":true,"href":"https:\/\/durmazhavuz.com\/index.php\/wp-json\/wp\/v2\/product_cat?post=281"},{"taxonomy":"product_tag","embeddable":true,"href":"https:\/\/durmazhavuz.com\/index.php\/wp-json\/wp\/v2\/product_tag?post=281"}],"curies":[{"name":"wp","href":"https:\/\/api.w.org\/{rel}","templated":true}]}}