{"id":297,"date":"2020-07-19T08:43:58","date_gmt":"2020-07-19T08:43:58","guid":{"rendered":"https:\/\/durmazhavuz.com\/?post_type=product&#038;p=297"},"modified":"2020-07-19T08:43:58","modified_gmt":"2020-07-19T08:43:58","slug":"betonarme-skimmer-havuz-2","status":"publish","type":"product","link":"https:\/\/durmazhavuz.com\/index.php\/urun\/betonarme-skimmer-havuz-2\/","title":{"rendered":"BETONARME SK\u0130MMER HAVUZ"},"content":{"rendered":"<h4><span id=\"ctl00_ContentPlaceHolder1_laciklama\">\u00dcST TUTUMAK TRAVERTEN \u0130\u00c7 D\u00d6\u015eEMES\u0130 CAM MOZA\u0130K<\/span><\/h4>\n","protected":false},"excerpt":{"rendered":"<p>\u00dcST TUTUMAK TRAVERTEN \u0130\u00c7 D\u00d6\u015eEMES\u0130 CAM MOZA\u0130K<\/p>\n","protected":false},"featured_media":298,"comment_status":"open","ping_status":"closed","template":"","meta":[],"product_cat":[36],"product_tag":[],"_links":{"self":[{"href":"https:\/\/durmazhavuz.com\/index.php\/wp-json\/wp\/v2\/product\/297"}],"collection":[{"href":"https:\/\/durmazhavuz.com\/index.php\/wp-json\/wp\/v2\/product"}],"about":[{"href":"https:\/\/durmazhavuz.com\/index.php\/wp-json\/wp\/v2\/types\/product"}],"replies":[{"embeddable":true,"href":"https:\/\/durmazhavuz.com\/index.php\/wp-json\/wp\/v2\/comments?post=297"}],"wp:featuredmedia":[{"embeddable":true,"href":"https:\/\/durmazhavuz.com\/index.php\/wp-json\/wp\/v2\/media\/298"}],"wp:attachment":[{"href":"https:\/\/durmazhavuz.com\/index.php\/wp-json\/wp\/v2\/media?parent=297"}],"wp:term":[{"taxonomy":"product_cat","embeddable":true,"href":"https:\/\/durmazhavuz.com\/index.php\/wp-json\/wp\/v2\/product_cat?post=297"},{"taxonomy":"product_tag","embeddable":true,"href":"https:\/\/durmazhavuz.com\/index.php\/wp-json\/wp\/v2\/product_tag?post=297"}],"curies":[{"name":"wp","href":"https:\/\/api.w.org\/{rel}","templated":true}]}}