{"id":467,"date":"2020-07-19T20:38:29","date_gmt":"2020-07-19T20:38:29","guid":{"rendered":"https:\/\/durmazhavuz.com\/?post_type=product&#038;p=467"},"modified":"2020-07-19T20:38:30","modified_gmt":"2020-07-19T20:38:30","slug":"siva-alti-armatur-ledli","status":"publish","type":"product","link":"https:\/\/durmazhavuz.com\/index.php\/urun\/siva-alti-armatur-ledli\/","title":{"rendered":"SIVA ALTI ARMAT\u00dcR LEDL\u0130"},"content":{"rendered":"<h4><span id=\"ctl00_ContentPlaceHolder1_laciklama\">G\u00fc\u00e7:20W-54W Renk:BEYAZ, MAV\u0130, TURKUAZ, MAV\u0130-BEYAZ, G\u00dcNI\u015eI\u011eI, YE\u015e\u0130L, KIRMIZI, FULL COLOR RGB, RGB, ON-OFF, K.D\u00d6NEN<\/span><\/h4>\n","protected":false},"excerpt":{"rendered":"<p>G\u00fc\u00e7:20W-54W Renk:BEYAZ, MAV\u0130, TURKUAZ, MAV\u0130-BEYAZ, G\u00dcNI\u015eI\u011eI, YE\u015e\u0130L, KIRMIZI, FULL COLOR RGB, RGB, ON-OFF, K.D\u00d6NEN<\/p>\n","protected":false},"featured_media":468,"comment_status":"open","ping_status":"closed","template":"","meta":[],"product_cat":[42],"product_tag":[],"_links":{"self":[{"href":"https:\/\/durmazhavuz.com\/index.php\/wp-json\/wp\/v2\/product\/467"}],"collection":[{"href":"https:\/\/durmazhavuz.com\/index.php\/wp-json\/wp\/v2\/product"}],"about":[{"href":"https:\/\/durmazhavuz.com\/index.php\/wp-json\/wp\/v2\/types\/product"}],"replies":[{"embeddable":true,"href":"https:\/\/durmazhavuz.com\/index.php\/wp-json\/wp\/v2\/comments?post=467"}],"wp:featuredmedia":[{"embeddable":true,"href":"https:\/\/durmazhavuz.com\/index.php\/wp-json\/wp\/v2\/media\/468"}],"wp:attachment":[{"href":"https:\/\/durmazhavuz.com\/index.php\/wp-json\/wp\/v2\/media?parent=467"}],"wp:term":[{"taxonomy":"product_cat","embeddable":true,"href":"https:\/\/durmazhavuz.com\/index.php\/wp-json\/wp\/v2\/product_cat?post=467"},{"taxonomy":"product_tag","embeddable":true,"href":"https:\/\/durmazhavuz.com\/index.php\/wp-json\/wp\/v2\/product_tag?post=467"}],"curies":[{"name":"wp","href":"https:\/\/api.w.org\/{rel}","templated":true}]}}