{"id":6,"date":"2020-07-15T21:26:52","date_gmt":"2020-07-15T21:26:52","guid":{"rendered":"https:\/\/durmazhavuz.com\/?post_type=product&#038;p=6"},"modified":"2020-07-15T21:27:04","modified_gmt":"2020-07-15T21:27:04","slug":"sus-havuzu","status":"publish","type":"product","link":"https:\/\/durmazhavuz.com\/index.php\/urun\/sus-havuzu\/","title":{"rendered":"S\u00dcS HAVUZU"},"content":{"rendered":"<h4><span id=\"ctl00_ContentPlaceHolder1_laciklama\">\u0130stanbul s\u00fcs havuzu, s\u00fcs havuzu \u00e7e\u015fitleri, s\u00fcs havuzu fiyatlar\u0131<\/span><\/h4>\n","protected":false},"excerpt":{"rendered":"<p>\u0130stanbul s\u00fcs havuzu, s\u00fcs havuzu \u00e7e\u015fitleri, s\u00fcs havuzu fiyatlar\u0131<\/p>\n","protected":false},"featured_media":7,"comment_status":"open","ping_status":"closed","template":"","meta":[],"product_cat":[15],"product_tag":[],"_links":{"self":[{"href":"https:\/\/durmazhavuz.com\/index.php\/wp-json\/wp\/v2\/product\/6"}],"collection":[{"href":"https:\/\/durmazhavuz.com\/index.php\/wp-json\/wp\/v2\/product"}],"about":[{"href":"https:\/\/durmazhavuz.com\/index.php\/wp-json\/wp\/v2\/types\/product"}],"replies":[{"embeddable":true,"href":"https:\/\/durmazhavuz.com\/index.php\/wp-json\/wp\/v2\/comments?post=6"}],"wp:featuredmedia":[{"embeddable":true,"href":"https:\/\/durmazhavuz.com\/index.php\/wp-json\/wp\/v2\/media\/7"}],"wp:attachment":[{"href":"https:\/\/durmazhavuz.com\/index.php\/wp-json\/wp\/v2\/media?parent=6"}],"wp:term":[{"taxonomy":"product_cat","embeddable":true,"href":"https:\/\/durmazhavuz.com\/index.php\/wp-json\/wp\/v2\/product_cat?post=6"},{"taxonomy":"product_tag","embeddable":true,"href":"https:\/\/durmazhavuz.com\/index.php\/wp-json\/wp\/v2\/product_tag?post=6"}],"curies":[{"name":"wp","href":"https:\/\/api.w.org\/{rel}","templated":true}]}}